e highest common divisor of 133 and o.
19
Let b be (-2)/(-2 + 1) + -6 - 0. Let s be (-242)/b*6/3. Calculate the greatest common divisor of s and 11.
11
Suppose -2*n + 57 - 33 = 0. What is the highest common factor of n and 132?
12
Let x be (-2)/(-4) + (-2335)/(-10). Suppose 3*z = 96 + x. Suppose 0*a = a + 2*n - 15, 4*a - 2*n - z = 0. What is the greatest common factor of 275 and a?
25
Suppose -2 = v - 6. Suppose -2*o = v*w - 256, -5*w + o + 320 = 4*o. What is the highest common factor of 96 and w?
32
Suppose 5*i - 187 = 38. Let z = i - 41. Calculate the highest common divisor of z and 24.
4
Let u = 44 - -102. Let g = u + -126. What is the greatest common divisor of 10 and g?
10
Suppose 0 = 7*n - 3 - 4. Let a be (n + 2)/((-8)/(-288)). What is the greatest common factor of a and 12?
12
Let q = -13 - -17. Suppose -4*o + q*i + 150 = -i, -2*o + 86 = 3*i. What is the highest common factor of o and 60?
20
Suppose -2*s = 5*s - 819. What is the highest common divisor of 9 and s?
9
Let l = -90 - -52. Let q = -11 - l. Let v be (-1204)/(-49) + 2 + (-3)/(-7). Calculate the highest common factor of v and q.
27
Suppose -7*x - 2108 = -11*x. What is the greatest common factor of 17 and x?
17
Suppose 37*u + 494 = 1900. What is the greatest common divisor of 1577 and u?
19
Let z = 1871 + -265. Calculate the highest common divisor of z and 22.
22
Let v be (-33)/12*(-3 - 1). Let a be (-3)/(3/v)*-3. Suppose 0 = 5*s + 25, -4*s = -5*q - 21 + 96. Calculate the highest common divisor of a and q.
11
Let t = 603 + -579. Suppose 0 = -m + 2*w + 13, -2*m - 4*w - 1 = m. Suppose m*d - 16 - 14 = 0. Calculate the greatest common divisor of t and d.
6
Let h be (-3 - 2)*(72/(-5))/3. What is the greatest common divisor of h and 6?
6
Suppose 128 = -5*a + 3. Let d = 32 + a. What is the greatest common divisor of d and 7?
7
Suppose -x = -4*x + 15. Suppose 2*r = -3*r - 10. Let n be r/(1/(-50)*4). Calculate the highest common factor of n and x.
5
Let q(u) = 4*u + 10. Let p be q(10). Suppose 28 + p = 6*h. What is the greatest common divisor of h and 117?
13
Let h(p) = 2*p**3 + p**2 - p + 12. Let l be h(0). Let y(k) = -k**2 + 14*k - 12. Let q be y(l). Let u = 7 - 1. What is the greatest common factor of u and q?
6
Suppose -6*x = 3*x - 45. Suppose 0 = x*t - 20 - 10. Calculate the highest common factor of 6 and t.
6
Let w(q) = q**3 + 7*q**2 - 9*q + 3. Let p be w(-7). Let x be ((-6)/(-9))/(2/p). Calculate the highest common factor of 11 and x.
11
Suppose -64 + 9 = -m. Calculate the greatest common factor of m and 10.
5
Suppose 0 = -7*u + 28 + 35. Let h = u + -6. Calculate the highest common factor of h and 3.
3
Suppose -f = u - 27 - 36, 4*f - 4*u = 212. Calculate the greatest common factor of 638 and f.
58
Suppose -8 - 102 = m. Let s = m - -238. What is the greatest common factor of s and 16?
16
Suppose -5*x = -3*s + 46, 0 = -3*s - 4*x + 11 + 44. Let z = 49 - 49. Suppose d - 119 + z = 0. Calculate the greatest common divisor of d and s.
17
Suppose -2*r = -u - 0*u + 59, -r - 2*u = 22. Let c be 1 - 7/(r/40). What is the highest common divisor of 44 and c?
11
Suppose -10*i - 100 - 130 = 0. Let a = 38 + i. What is the greatest common divisor of a and 30?
15
Let r be -2 - 1*(-174)/3. Let k be (-18)/(-2) - (-14)/(-14). Calculate the highest common divisor of r and k.
8
Suppose -61*w + 16*w + 11520 = 0. What is the highest common factor of 2 and w?
2
Let q = -458 - -462. What is the greatest common factor of q and 22?
2
Let s(y) = -y**3 - 6*y**2 + 3*y + 17. Let m be s(-7). Suppose -4*k + m = 3*i + 7, -4*i - 4*k + 52 = 0. What is the greatest common divisor of i and 98?
14
Let d = -104 - -104. Suppose 8 = -w - 4*p - 3, 5*w = 4*p + 65. Suppose 3*g + w = d, -z - z + 2*g + 146 = 0. Calculate the highest common divisor of z and 10.
10
Let b = -103 - -105. Let d be 6*1*14/42. What is the highest common divisor of d and b?
2
Suppose -17*r = -23*r. Suppose r = 10*x - 13*x + 9. Calculate the highest common factor of 21 and x.
3
Let p(t) = 109*t + 20. Let w be p(-4). Let x be ((-20)/8 - -2)*w. What is the greatest common factor of x and 26?
26
Suppose 19*n - 240 = 15*n + 5*q, 3*n - 5*q - 180 = 0. Let t = 256 - 176. Calculate the highest common divisor of n and t.
20
Let f(x) = -x**2 - 5*x - 2. Let h be f(-5). Let p = 21 + h. Suppose -u - 2*t + 29 = -p, -t - 151 = -3*u. Calculate the highest common divisor of u and 20.
10
Let v(y) = y**3 + 1. Let g be v(1). Let p be (12 - g)*(-2)/(-4). What is the greatest common divisor of 5 and p?
5
Let c(f) = 4*f - 12. Let d be c(9). Let r be 106 - (-6)/d*-4. Let t = 16 - -5. What is the highest common divisor of r and t?
21
Let m be (-6)/2 - 19/(57/(-30)). Let z = 2 - -8. Let g be z/(-25)*(-5)/2. What is the greatest common divisor of g and m?
1
Let h be 16/6 - (-2)/(-3). Suppose -4*i + 8 = -0. Calculate the greatest common factor of i and h.
2
Let a = 1931 - 924. Suppose 7*f - a - 337 = 0. Suppose 42 = -5*n + f. Calculate the highest common factor of 20 and n.
10
Let q be (18/10)/((-2)/(-170)*17). What is the greatest common factor of 243 and q?
9
Suppose -l + 102 = -x + 4*x, -5*x + 166 = 3*l. Let g be 7/x - ((-158)/(-10))/(-1). What is the highest common divisor of g and 24?
8
Suppose -8*p = -13*p + 20. Suppose -2*d + 12 = -d - p*t, 0 = -2*d + t + 17. Let v be 5/(5/23) - 3*1. Calculate the greatest common factor of d and v.
4
Let y be 33 - 29 - (-1 - (225 + 1)). What is the highest common divisor of y and 21?
21
Let x(f) = -f**3 - f - 2. Let l be x(-3). Let g be 3 - 2 - 0/5. Let v(q) = 251*q**3 + q**2. Let a be v(g). What is the greatest common divisor of a and l?
28
Let m(h) = h**2 + 15*h + 25. Let l be m(0). What is the highest common divisor of 400 and l?
25
Suppose -2*h - 40 = -2*d, 8*d = 5*d - 3*h + 54. What is the highest common factor of 304 and d?
19
Let q(a) = 5*a**2 + a - 1. Let h be q(1). Let w be (0/h)/(5 + -1). Suppose 4*i = -w*i + 36. What is the greatest common factor of 6 and i?
3
Suppose 3*h - 13 = -4*m, 6*h - h - 20 = -5*m. Let c be 31/(-62) + (-4 - (-27)/2). What is the highest common factor of h and c?
3
Let y(u) = -u**3 - u**2 + 3*u + 3. Let d be y(-4). Let a be (-212)/(-8) + (-1)/2. Calculate the highest common divisor of a and d.
13
Suppose -2 + 0 = -l. Let u = l - -24. Suppose -w + u - 8 = 0. What is the highest common factor of w and 27?
9
Let u(q) = -6*q**3 - q**2 + 2*q + 2. Let m(d) = 2*d + 8 + 5 - 7. Let a be m(-4). Let g be u(a). What is the highest common factor of 63 and g?
21
Let j = 1696 + -1426. Let q be -1 - (-56)/(2/1). Calculate the highest common divisor of j and q.
27
Let s = 27 + -25. Suppose -3*j + 14 = -q, s*q - 8 = -4*j + 4. Suppose 40 = j*a - 68. Calculate the greatest common divisor of 216 and a.
27
Let t(g) = 3*g**2 - 2*g - 8. Let q be t(-4). Let l = -84 + 50. Let k = q + l. Calculate the greatest common divisor of 112 and k.
14
Let l be 141/12 + 3/12. Let b = 2 + 2. Let q = l + b. What is the highest common divisor of 16 and q?
16
Let w(x) = -3*x**3 - 12*x**2 - x. Let p be w(-5). Suppose 5*g = -5*i + p, -3*i + 32 = -0*g - g. What is the highest common divisor of 12 and i?
12
Suppose 5*w - 615 = -5*o, -2*w - 3*w + 619 = 3*o. Let f = w + -110. Calculate the greatest common factor of 165 and f.
15
Suppose 5*d - 306 = -3*l, -2*l = -7*l + 10. Let c = d - 37. Suppose -t = -5*q - 74, 90 = 2*t - q - 49. Calculate the highest common divisor of c and t.
23
Suppose 0 = 2*k - 20 + 106. Let s = -34 - k. Calculate the highest common factor of s and 9.
9
Let i(v) = 6*v**2 - 8*v + 8. Let w be i(8). What is the highest common factor of w and 8?
8
Let y = -14 - -81. What is the greatest common factor of 871 and y?
67
Suppose -5*d - 5 = -3*l, 3*l + 2*d = 16 + 3. Suppose a + 0*a - l = 0. Calculate the highest common divisor of 40 and a.
5
Let s be (-3)/(-3)*0 + 1. Let q be s*5/(20/56). What is the greatest common factor of q and 7?
7
Let d = 71 + -61. Suppose -770 = -5*q - 2*q. Calculate the greatest common factor of q and d.
10
Let j = -39 + 42. Suppose 0 = -j*b + 117 + 63. Calculate the greatest common divisor of b and 15.
15
Let y be ((-26)/4)/(2/(-4)). Let c(f) = 8*f**2 + 80*f**3 - 1 - 79*f**3 + 0 - y*f - 5*f. Let m be c(-8). What is the greatest common factor of m and 13?
13
Let j = 182 + -29. Suppose -3*z + 24 = -27. Calculate the 